ppose -2*z = -b + 284, -y*b + 280 = -7*b - 3*z. List the prime factors of b.
2, 73
Suppose 0 = -3*u + 3, u + 61 = 3*p + 2*u. Let s(v) = 2*v + p*v**2 + 3 - 2*v - 1 - v. What are the prime factors of s(1)?
3, 7
Let k be ((-66)/(-36) - 2) + (-73)/(-6). Suppose 2*c + 47 = z, 2*z + 10*c - k*c = 84. List the prime factors of z.
37
Let n = 0 + 33. Let w be (-4 - -3)/((-2)/10). Suppose 2*v = -h - 2*v + 69, w*v = h - n. What are the prime factors of h?
53
Suppose 0 = -4*u - 4, 6*i - 4*i + 3*u - 17257 = 0. List the prime factors of i.
2, 5, 863
Suppose 6*g + f = 9*g - 980, -3*f + 310 = g. Suppose q = -l - 3*l + g, 5*l = 20. What are the prime factors of q?
3, 103
Suppose 65604 = 63*w - 49*w. List the prime factors of w.
2, 3, 11, 71
Suppose 5*j - 9*j - 40 = 0. Let f(o) = o**3 + 8*o**2 - o + 5. Let m be f(-6). Let y = m - j. What are the prime factors of y?
3, 31
Let m be (220/(-15))/(2/3). Let i(t) = -9*t - 44. What are the prime factors of i(m)?
2, 7, 11
Let w(k) = -k**2 - 3*k. Let f be w(-3). Let i(u) = -u**3 - u**2 + 5*u + 3. Let h be i(f). Suppose -h*z = -193 - 221. List the prime factors of z.
2, 3, 23
Let d = -6008 - -12932. What are the prime factors of d?
2, 3, 577
Let m(n) = -198*n - 81. Let k be m(-8). Let y = -466 + k. List the prime factors of y.
17, 61
Let u = -10 - -11. Let t be 3 + u + (37 - -2). Let r = 76 - t. List the prime factors of r.
3, 11
Let b(j) = 437*j + 1566. List the prime factors of b(41).
19483
Suppose 371*l - 366*l - 10035 = 0. What are the prime factors of l?
3, 223
Suppose 197*y = 54*y + 2342626. List the prime factors of y.
2, 8191
Suppose -5*v = 3*w - 186, -w - 2*w - 48 = -v. Suppose 44*u = v*u + 985. Let a = u - 71. List the prime factors of a.
2, 3, 7
Let n be 14/(-77) - (-48)/22. Let l be (32/(-6) - -6)/(n/12). Suppose 160 = 3*g - r + 6*r, l*r - 158 = -3*g. List the prime factors of g.
2, 5
Let z = 82146 - 49327. List the prime factors of z.
37, 887
Let q be ((-100)/8)/(2/12). Let u be q*(2 - (2 - -2)). Let d = -88 + u. What are the prime factors of d?
2, 31
Let v(t) = -2*t**3 + 3*t**2 - 10*t - 12. Let w be v(4). What are the prime factors of ((-1149)/(-2))/((-198)/w)?
383
Suppose -4*v + 5227 = 3*w - 29269, -3*v + 5*w = -25872. List the prime factors of v.
2, 7, 11
What are the prime factors of 7287*(-1)/(-5 - (-49)/14)?
2, 7, 347
Let o be 920/736*120/(-2). Let k(h) = h**2 - 9*h + 8. Let z be k(8). What are the prime factors of (-2)/(z - (-5)/o)?
2, 3, 5
Let g = -706 - -708. Suppose 3*i - 1370 = -5*r, -g*i + 1087 - 203 = -4*r. List the prime factors of i.
2, 3, 5
Suppose v - j - 6 = 0, 0 = -5*v + 2*j + 2*j + 31. Suppose -v*q + 0*q + 1589 = 0. Suppose 4*z + 3*g - 320 = 6*g, 0 = 3*z + g - q. List the prime factors of z.
7, 11
Let g(j) = -j**3 + 7*j**2 - 18*j + 75. Let p be g(6). Suppose 0 = -p*d - 2*d + 2105. List the prime factors of d.
421
Let j be (136/(-6))/(2/(-9)). Suppose 10*r = -7*r - j. List the prime factors of 352/(-20)*75/r.
2, 5, 11
Suppose -5*v + 135 = -5*o, 2*o - v + 6*v = -47. Let k be 5 + (-134)/26 + 464/o. Let d = k - -39. What are the prime factors of d?
3, 7
Let c = -12253 - -23416. List the prime factors of c.
3, 61
Suppose 0 = -4*q + 2*s + 1790, 5*s + 469 + 1761 = 5*q. Suppose 0 = -8*b + q + 4039. What are the prime factors of b?
3, 11, 17
Let q = 46 + -46. Suppose -5*p + q + 110 = 0. Suppose -p = r - 90. What are the prime factors of r?
2, 17
Let k = 190 + -40. Suppose -k = m + 5*m. Let v = m + 59. List the prime factors of v.
2, 17
Suppose 47 = -4*x + 59. Let n be 5/(-5)*x + (-38)/(-1). Let v = n - -16. List the prime factors of v.
3, 17
List the prime factors of (-5 + 3 - -1666) + -38 + 40.
2, 7, 17
Suppose -5*o + 3*l + 20855 = 0, -o + 5*l - l + 4188 = 0. What are the prime factors of o?
2, 521
Let y = 55 - -24. Let o = 53 - y. Let a = 18 - o. What are the prime factors of a?
2, 11
Suppose h = 0, 18*y + h + 82555 = 23*y. List the prime factors of y.
11, 19, 79
Suppose 4*m - 1454 + 518 = 0. Suppose 550 = 7*f - m. Suppose -62 = -3*k + f. What are the prime factors of k?
2, 29
Let i = 108 - 104. Suppose -2*o + i*d = -1056, -35*o + 31*o - d + 2112 = 0. What are the prime factors of o?
2, 3, 11
Suppose -h + 2*o - 5 = 0, 3*h + 0 = 2*o - 7. List the prime factors of (38 - 27)*(-27)/h.
3, 11
Let i = 4066 + -2850. List the prime factors of i.
2, 19
Suppose -5*i + 4*o = -213, 4*i - o - 219 + 42 = 0. Let r(d) = -49*d**3 - 5*d + i*d**3 + 5*d + 3*d - 7*d**2 - 5. What are the prime factors of r(-4)?
127
Suppose -10*z = -8*u + 5*u - 214365, -z + 21423 = -3*u. List the prime factors of z.
2, 3, 397
Let w = 320 - 320. Suppose 5*p + 5*o - 3754 - 281 = w, 2*p - 1594 = 3*o. List the prime factors of p.
11, 73
Let x = -3713 + 6429. List the prime factors of x.
2, 7, 97
Suppose 3*x + 11493 = u - 0*x, -46042 = -4*u + 2*x. List the prime factors of u.
2, 3, 19, 101
Let m(q) = 78*q**2 - 238*q + 1413. List the prime factors of m(6).
3, 7, 19
List the prime factors of 41265/39 - 5/65.
2, 23
Let a = -1739 - -3085. Suppose -g - a = -3*f - 249, -4*f + g + 1461 = 0. List the prime factors of f.
2, 7, 13
Let l(w) = 1091*w**2 - 51*w + 83. What are the prime factors of l(2)?
5, 11, 79
Suppose 0 = -3*l - 0*y + 3*y + 21, 4*l + 4*y = -12. Suppose -4*h + l = 10. List the prime factors of (-1 + h/(-1))*(-85)/(-5).
17
Let m be 2/(39/18 + -2). Suppose 0 = -4*r - 4 + m. Suppose -r*d = -z + 20 + 4, -z = 3*d - 14. List the prime factors of z.
2, 5
Let u(q) = 1886*q + 855. What are the prime factors of u(10)?
5, 3943
What are the prime factors of -1774*((8280/105)/(-12) + 4/7)?
2, 3, 887
List the prime factors of 549159/129 + 118/(-2537).
3, 11, 43
Suppose 12*b = 185 - 125. Suppose -4*t - 52 = 5*h - 165, b*t - 73 = -3*h. List the prime factors of h.
3, 7
Let q = 1536 + 10995. List the prime factors of q.
3, 4177
Suppose -1617 = 4*o - 4517. Let p = 342 - o. Let r = 543 + p. List the prime factors of r.
2, 5
Suppose -162 = -3*v + 87. Suppose 3*a - 4*b - v = -0*a, -27 = -2*a - 3*b. What are the prime factors of a?
3, 7
Suppose 9*y = 22 + 5. Let z be (-41 + y)*(-231)/6. Suppose 9*v + z = 16*v. List the prime factors of v.
11, 19
Suppose -3*c - 23680 = -19*c. What are the prime factors of c?
2, 5, 37
Let v = -352 + -161. Let o = -82 - v. List the prime factors of o.
431
Suppose r - 165 = 637. Let m = r + -462. List the prime factors of m.
2, 5, 17
Let l(o) = o**2 - 8*o - 5. Let r be l(0). What are the prime factors of (30/(-1))/r - -7?
13
Let t = 15 - 21. Let z be t/(-3) + (-1 - 1) - -5. Suppose -z*o + 198 = 3*v - 62, -5*v + 423 = -2*o. List the prime factors of v.
5, 17
Let u = 284 + -86. Suppose -4*w = 5*v - u, 2*w + 4*v - 61 = 35. Suppose 5*a - 51 = -5*c + 3*a, 4*c - w = 4*a. List the prime factors of c.
11
Let x(v) = -v**3 + 2*v**2 + v + 10. Let n be x(3). Suppose -n*s = 235 - 1375. List the prime factors of s.
3, 5, 19
Suppose 4 = 2*s, u + 4*s - 5*s = 0. Suppose -5*a + u*a - 363 = 0. Let x = -39 - a. What are the prime factors of x?
2, 41
Let x(s) = 184*s**2 + 26*s + 25. What are the prime factors of x(-6)?
43, 151
Let y = 56 - 36. Suppose 3*m + 5*o + 0*o = -y, m - 4 = o. Suppose 0*w - 3*w + 171 = 4*r, m = -2*r + 4*w + 80. List the prime factors of r.
2, 3, 7
Suppose -5*c + 13 - 34 = 2*j, -4*c + 2*j = 6. What are the prime factors of c*(-2656)/24 - -1?
3, 37
Suppose z + 14262 = 4*a, 2300 = 5*a - 5*z - 15520. What are the prime factors of a?
2, 1783
Let x(o) = -3*o**2 + 12*o - 5. Let v be x(3). Suppose -2*k - 2 = -k, v*p + 822 = 5*k. What are the prime factors of p/(1/(-1)*1) - 1?
3, 23
Suppose 0 = 3*m - 0*m + 156. Let k(w) = 15*w + 633. Let p be k(-36). Let i = p + m. What are the prime factors of i?
41
Let w = -71285 - -116914. What are the prime factors of w?
103, 443
Suppose -15*s + 17*s + 10 = 0. Let u(p) = -5*p - 16. List the prime factors of u(s).
3
Suppose 184*m = 3019196 + 2081468. What are the prime factors of m?
19, 1459
Let i = -23 - -25. Let u(v) = 2*v**2 - 5*v + 5. Let r be u(i). Suppose r*n - 3*w - 101 = 2*n, 5*w = n - 107. List the prime factors of n.
2, 23
Suppose 34*j = 295 + 317. Suppose -2*x - 17*d = -j*d - 934, -4*d - 2332 = -5*x. List the prime factors of x.
2, 3, 13
Let g(t) = -t - 9. Let z be g(-5). Let d be 11322/(-4) + 23/46. List the prime factors of d/(-50) - z/10.
3, 19
Suppose -156*k + 51*k + 224928 + 60